{"id":1025,"date":"2022-04-08T07:34:38","date_gmt":"2022-04-08T07:34:38","guid":{"rendered":"https:\/\/jungichanteurs.ch\/?page_id=1025"},"modified":"2022-07-07T08:25:51","modified_gmt":"2022-07-07T08:25:51","slug":"briger-schlossnaechte","status":"publish","type":"page","link":"https:\/\/jungichanteurs.ch\/index.php\/briger-schlossnaechte\/","title":{"rendered":"2022 &#8211; Briger Schlossn\u00e4chte"},"content":{"rendered":"\n<p>Kaum war das Projekt &#171;Dreams come True&#187; abgeschlossen, machte sich der Chor nun an die n\u00e4chste Aufgabe: Die Briger Schlossn\u00e4chte. Der Chor wurde eingeladen, bei diesem Grossanlass der R<em>aiffeisen Bank der Region Belalp-Simplon<\/em> zusammen mit <em>Christoph Walter &amp; the Orchestra<\/em> mitzuwirken. Das Programm: Schillernde <em>Golden Seventies<\/em>. Der Chor liess es zusammen mit <em>Christoph Walter &amp; the Orchestra<\/em> richtig krachen. Standing Ovations, mittanzende und mitsingendes Publikum waren die Folge. Ein voller Erfolg! F\u00fcr die M\u00f6glichkeit, an diesen beiden Konzerten mitzuwirken m\u00f6chten wir uns herzlich bei <em>Christoph Walter<\/em> sowie der <em>Raiffeisenbank Belalp-Simplon<\/em> bedanken.<\/p>\n\n\n\n<figure class=\"wp-block-image size-large\"><img loading=\"lazy\" decoding=\"async\" width=\"1024\" height=\"640\" src=\"https:\/\/jungichanteurs.ch\/wp-content\/uploads\/2022\/07\/image-8-1024x640.jpg\" alt=\"\" class=\"wp-image-1059\" srcset=\"https:\/\/jungichanteurs.ch\/wp-content\/uploads\/2022\/07\/image-8-1024x640.jpg 1024w, https:\/\/jungichanteurs.ch\/wp-content\/uploads\/2022\/07\/image-8-300x188.jpg 300w, https:\/\/jungichanteurs.ch\/wp-content\/uploads\/2022\/07\/image-8-768x480.jpg 768w, https:\/\/jungichanteurs.ch\/wp-content\/uploads\/2022\/07\/image-8.jpg 1280w\" sizes=\"auto, (max-width: 767px) 89vw, (max-width: 1000px) 54vw, (max-width: 1071px) 543px, 580px\" \/><figcaption>Christoph Walter Orchestra &amp; die jungiChanteurs<\/figcaption><\/figure>\n\n\n\n<figure class=\"wp-block-image size-large\"><img loading=\"lazy\" decoding=\"async\" width=\"1024\" height=\"640\" src=\"https:\/\/jungichanteurs.ch\/wp-content\/uploads\/2022\/07\/image-3-1024x640.jpg\" alt=\"\" class=\"wp-image-1060\" srcset=\"https:\/\/jungichanteurs.ch\/wp-content\/uploads\/2022\/07\/image-3-1024x640.jpg 1024w, https:\/\/jungichanteurs.ch\/wp-content\/uploads\/2022\/07\/image-3-300x188.jpg 300w, https:\/\/jungichanteurs.ch\/wp-content\/uploads\/2022\/07\/image-3-768x480.jpg 768w, https:\/\/jungichanteurs.ch\/wp-content\/uploads\/2022\/07\/image-3.jpg 1280w\" sizes=\"auto, (max-width: 767px) 89vw, (max-width: 1000px) 54vw, (max-width: 1071px) 543px, 580px\" \/><\/figure>\n\n\n\n<figure class=\"wp-block-image size-large\"><img loading=\"lazy\" decoding=\"async\" width=\"1024\" height=\"640\" src=\"https:\/\/jungichanteurs.ch\/wp-content\/uploads\/2022\/07\/image-4-1024x640.jpg\" alt=\"\" class=\"wp-image-1061\" srcset=\"https:\/\/jungichanteurs.ch\/wp-content\/uploads\/2022\/07\/image-4-1024x640.jpg 1024w, https:\/\/jungichanteurs.ch\/wp-content\/uploads\/2022\/07\/image-4-300x188.jpg 300w, https:\/\/jungichanteurs.ch\/wp-content\/uploads\/2022\/07\/image-4-768x480.jpg 768w, https:\/\/jungichanteurs.ch\/wp-content\/uploads\/2022\/07\/image-4.jpg 1280w\" sizes=\"auto, (max-width: 767px) 89vw, (max-width: 1000px) 54vw, (max-width: 1071px) 543px, 580px\" \/><\/figure>\n\n\n\n<figure class=\"wp-block-image size-large\"><img loading=\"lazy\" decoding=\"async\" width=\"1024\" height=\"640\" src=\"https:\/\/jungichanteurs.ch\/wp-content\/uploads\/2022\/07\/image-6-1024x640.jpg\" alt=\"\" class=\"wp-image-1062\" srcset=\"https:\/\/jungichanteurs.ch\/wp-content\/uploads\/2022\/07\/image-6-1024x640.jpg 1024w, https:\/\/jungichanteurs.ch\/wp-content\/uploads\/2022\/07\/image-6-300x188.jpg 300w, https:\/\/jungichanteurs.ch\/wp-content\/uploads\/2022\/07\/image-6-768x480.jpg 768w, https:\/\/jungichanteurs.ch\/wp-content\/uploads\/2022\/07\/image-6.jpg 1280w\" sizes=\"auto, (max-width: 767px) 89vw, (max-width: 1000px) 54vw, (max-width: 1071px) 543px, 580px\" \/><\/figure>\n\n\n\n<figure class=\"wp-block-image size-large\"><img loading=\"lazy\" decoding=\"async\" width=\"1024\" height=\"640\" src=\"https:\/\/jungichanteurs.ch\/wp-content\/uploads\/2022\/07\/image-1-1024x640.jpg\" alt=\"\" class=\"wp-image-1064\" srcset=\"https:\/\/jungichanteurs.ch\/wp-content\/uploads\/2022\/07\/image-1-1024x640.jpg 1024w, https:\/\/jungichanteurs.ch\/wp-content\/uploads\/2022\/07\/image-1-300x188.jpg 300w, https:\/\/jungichanteurs.ch\/wp-content\/uploads\/2022\/07\/image-1-768x480.jpg 768w, https:\/\/jungichanteurs.ch\/wp-content\/uploads\/2022\/07\/image-1.jpg 1280w\" sizes=\"auto, (max-width: 767px) 89vw, (max-width: 1000px) 54vw, (max-width: 1071px) 543px, 580px\" \/><\/figure>\n\n\n\n<figure class=\"wp-block-image size-large\"><img loading=\"lazy\" decoding=\"async\" width=\"1024\" height=\"640\" src=\"https:\/\/jungichanteurs.ch\/wp-content\/uploads\/2022\/07\/image-7-1024x640.jpg\" alt=\"\" class=\"wp-image-1063\" srcset=\"https:\/\/jungichanteurs.ch\/wp-content\/uploads\/2022\/07\/image-7-1024x640.jpg 1024w, https:\/\/jungichanteurs.ch\/wp-content\/uploads\/2022\/07\/image-7-300x188.jpg 300w, https:\/\/jungichanteurs.ch\/wp-content\/uploads\/2022\/07\/image-7-768x480.jpg 768w, https:\/\/jungichanteurs.ch\/wp-content\/uploads\/2022\/07\/image-7.jpg 1280w\" sizes=\"auto, (max-width: 767px) 89vw, (max-width: 1000px) 54vw, (max-width: 1071px) 543px, 580px\" \/><\/figure>\n","protected":false},"excerpt":{"rendered":"<p>Kaum war das Projekt &#171;Dreams come True&#187; abgeschlossen, machte sich der Chor nun an die n\u00e4chste Aufgabe: Die Briger Schlossn\u00e4chte. Der Chor wurde eingeladen, bei diesem Grossanlass der Raiffeisen Bank der Region Belalp-Simplon zusammen mit Christoph Walter &amp; the Orchestra mitzuwirken. Das Programm: Schillernde Golden Seventies. Der Chor liess es zusammen mit Christoph Walter &amp; &hellip; <\/p>\n<p class=\"link-more\"><a href=\"https:\/\/jungichanteurs.ch\/index.php\/briger-schlossnaechte\/\" class=\"more-link\"><span class=\"screen-reader-text\">&#171;2022 &#8211; Briger Schlossn\u00e4chte&#187;<\/span> weiterlesen<\/a><\/p>\n","protected":false},"author":2,"featured_media":0,"parent":0,"menu_order":0,"comment_status":"closed","ping_status":"closed","template":"","meta":{"footnotes":""},"class_list":["post-1025","page","type-page","status-publish","hentry"],"_links":{"self":[{"href":"https:\/\/jungichanteurs.ch\/index.php\/wp-json\/wp\/v2\/pages\/1025","targetHints":{"allow":["GET"]}}],"collection":[{"href":"https:\/\/jungichanteurs.ch\/index.php\/wp-json\/wp\/v2\/pages"}],"about":[{"href":"https:\/\/jungichanteurs.ch\/index.php\/wp-json\/wp\/v2\/types\/page"}],"author":[{"embeddable":true,"href":"https:\/\/jungichanteurs.ch\/index.php\/wp-json\/wp\/v2\/users\/2"}],"replies":[{"embeddable":true,"href":"https:\/\/jungichanteurs.ch\/index.php\/wp-json\/wp\/v2\/comments?post=1025"}],"version-history":[{"count":7,"href":"https:\/\/jungichanteurs.ch\/index.php\/wp-json\/wp\/v2\/pages\/1025\/revisions"}],"predecessor-version":[{"id":1065,"href":"https:\/\/jungichanteurs.ch\/index.php\/wp-json\/wp\/v2\/pages\/1025\/revisions\/1065"}],"wp:attachment":[{"href":"https:\/\/jungichanteurs.ch\/index.php\/wp-json\/wp\/v2\/media?parent=1025"}],"curies":[{"name":"wp","href":"https:\/\/api.w.org\/{rel}","templated":true}]}}