{"id":1207,"date":"2024-06-10T14:58:30","date_gmt":"2024-06-10T14:58:30","guid":{"rendered":"https:\/\/jungichanteurs.ch\/?page_id=1207"},"modified":"2024-06-17T18:02:48","modified_gmt":"2024-06-17T18:02:48","slug":"2023-2024-jukebox-jamboree","status":"publish","type":"page","link":"https:\/\/jungichanteurs.ch\/index.php\/2023-2024-jukebox-jamboree\/","title":{"rendered":"2023\/2024 &#8211; Jukebox Jamboree"},"content":{"rendered":"\n<figure class=\"wp-block-image size-large\"><img loading=\"lazy\" decoding=\"async\" width=\"1024\" height=\"724\" src=\"https:\/\/jungichanteurs.ch\/wp-content\/uploads\/2024\/06\/Querformat-Poster-Migros-1-1024x724.png\" alt=\"\" class=\"wp-image-1218\" srcset=\"https:\/\/jungichanteurs.ch\/wp-content\/uploads\/2024\/06\/Querformat-Poster-Migros-1-1024x724.png 1024w, https:\/\/jungichanteurs.ch\/wp-content\/uploads\/2024\/06\/Querformat-Poster-Migros-1-300x212.png 300w, https:\/\/jungichanteurs.ch\/wp-content\/uploads\/2024\/06\/Querformat-Poster-Migros-1-768x543.png 768w, https:\/\/jungichanteurs.ch\/wp-content\/uploads\/2024\/06\/Querformat-Poster-Migros-1-1536x1086.png 1536w, https:\/\/jungichanteurs.ch\/wp-content\/uploads\/2024\/06\/Querformat-Poster-Migros-1-2048x1448.png 2048w\" sizes=\"auto, (max-width: 767px) 89vw, (max-width: 1000px) 54vw, (max-width: 1071px) 543px, 580px\" \/><\/figure>\n\n\n\n<p>In dieser Saison durften wir uns einem besonderen Programm widmen: Unter dem Motto Jukebox Jamboree sangen wir bekannte Schweizer Mundartlieder, rockige Evergreens und schmissige Shantys, die zum Mitschunkeln, Mitsingen und zum Anstossen auf die Freude am gemeinsamen Singen mitreissen.&nbsp;<\/p>\n\n\n\n<p>Schon an der GV im Herbst durften wir ein paar neue sowie bereits bekannte Gesichter begr\u00fcssen. Das Projekt starteten wir am ersten Probenwochenende im November mit rund vierzig Anmeldungen. Schnell wurde klar: Das Programm macht richtig gute Laune. W\u00e4hrend wir in Haute Nendaz eingeschneit wurden, t\u00fcfteteln Noah und Yannick mit uns an den tollen St\u00fccken und wir alle genossen das gemeinsame Wochenende.\u00a0<\/p>\n\n\n\n<figure class=\"wp-block-image size-large\"><img loading=\"lazy\" decoding=\"async\" width=\"1024\" height=\"819\" src=\"https:\/\/jungichanteurs.ch\/wp-content\/uploads\/2024\/06\/DSC_0170-Verbessert-RR-1024x819.jpg\" alt=\"\" class=\"wp-image-1236\" srcset=\"https:\/\/jungichanteurs.ch\/wp-content\/uploads\/2024\/06\/DSC_0170-Verbessert-RR-1024x819.jpg 1024w, https:\/\/jungichanteurs.ch\/wp-content\/uploads\/2024\/06\/DSC_0170-Verbessert-RR-300x240.jpg 300w, https:\/\/jungichanteurs.ch\/wp-content\/uploads\/2024\/06\/DSC_0170-Verbessert-RR-768x614.jpg 768w, https:\/\/jungichanteurs.ch\/wp-content\/uploads\/2024\/06\/DSC_0170-Verbessert-RR-1536x1229.jpg 1536w, https:\/\/jungichanteurs.ch\/wp-content\/uploads\/2024\/06\/DSC_0170-Verbessert-RR-2048x1638.jpg 2048w\" sizes=\"auto, (max-width: 767px) 89vw, (max-width: 1000px) 54vw, (max-width: 1071px) 543px, 580px\" \/><\/figure>\n\n\n\n<p>Das zweite Probenwochenende fand im Februar statt, an welchem wir den Liedern den letzten Schliff verpassten. In Fiesch \u00fcbten wir nicht nur das Singen, sondern studierten auch einige Choreos ein &#8211; bis uns die Oberschenkel gl\u00fchten.&nbsp;<\/p>\n\n\n\n<p>Die Vorfreude auf die Konzerte wurde immer gr\u00f6sser und im M\u00e4rz standen wir auch schon in unseren jC-T-Shirts und bunten Hosen mit Accessoires im Zeughaus auf der B\u00fchne. Am Vorabend galt es noch die letzten Abkl\u00e4rungen zu treffen (und Lieder auswendig zu lernen). Das Bistro am Samstagabend war rappelvoll und wir mischten uns auch w\u00e4hrend des Konzerts freudig unter die G\u00e4ste, die uns sogar gesanglich tatkr\u00e4ftig unterst\u00fctzen. Die Stimmung am Konzertabend erinnerte an unsere tollen Probenwochenende und wir verbrachten einen tollen Abend gemeinsam mit unseren Liebsten im Zeughaus.<\/p>\n\n\n\n<figure class=\"wp-block-image size-large\"><img loading=\"lazy\" decoding=\"async\" width=\"1024\" height=\"819\" src=\"https:\/\/jungichanteurs.ch\/wp-content\/uploads\/2024\/06\/DSC_0149-Verbessert-RR-1024x819.jpg\" alt=\"\" class=\"wp-image-1233\" srcset=\"https:\/\/jungichanteurs.ch\/wp-content\/uploads\/2024\/06\/DSC_0149-Verbessert-RR-1024x819.jpg 1024w, https:\/\/jungichanteurs.ch\/wp-content\/uploads\/2024\/06\/DSC_0149-Verbessert-RR-300x240.jpg 300w, https:\/\/jungichanteurs.ch\/wp-content\/uploads\/2024\/06\/DSC_0149-Verbessert-RR-768x614.jpg 768w, https:\/\/jungichanteurs.ch\/wp-content\/uploads\/2024\/06\/DSC_0149-Verbessert-RR-1536x1229.jpg 1536w, https:\/\/jungichanteurs.ch\/wp-content\/uploads\/2024\/06\/DSC_0149-Verbessert-RR-2048x1638.jpg 2048w\" sizes=\"auto, (max-width: 767px) 89vw, (max-width: 1000px) 54vw, (max-width: 1071px) 543px, 580px\" \/><\/figure>\n\n\n\n<p>Auch das zweite Konzert in Susten war ein voller Erfolg. Der grosse Saal war ebenfalls schnell gef\u00fcllt und dank grossz\u00fcgiger Hilfe konnten wir sogar selbst Barbetrieb anbieten. Es wurde ausgiebig gesungen, gelacht und genossen. Nach dem Konzert liessen wir mit einem Schlummertrunk und dem Piano auf dem Tisch den Abend gem\u00fctlich ausklingen.&nbsp;<\/p>\n\n\n\n<p>So kam das Projekt zu Ende, jedoch ist der Vorstand bereits jetzt an der Planung f\u00fcr die n\u00e4chste Saison. Wir freuen uns sehr darauf, wieder mit vielen motivierten Mitgliedern das n\u00e4chste Programm in Angriff zu nehmen.<\/p>\n\n\n\n<p>Wir bedanken uns herzlich bei allen Mitwirkenden auf und neben der B\u00fchne, insbesondere unseren Helferinnen an der Bar in Susten. Nat\u00fcrlich gilt auch ein grosser Dank an unser Publikum wie auch unsere Sponsoren, ohne welche wir diese Projekte nicht durchf\u00fchren k\u00f6nnen. \u00c4s riiisu Merci!<\/p>\n\n\n\n<figure class=\"wp-block-image size-large\"><img loading=\"lazy\" decoding=\"async\" width=\"1024\" height=\"683\" src=\"https:\/\/jungichanteurs.ch\/wp-content\/uploads\/2024\/06\/DSC_0230-Verbessert-RR-2-1024x683.jpg\" alt=\"\" class=\"wp-image-1238\" srcset=\"https:\/\/jungichanteurs.ch\/wp-content\/uploads\/2024\/06\/DSC_0230-Verbessert-RR-2-1024x683.jpg 1024w, https:\/\/jungichanteurs.ch\/wp-content\/uploads\/2024\/06\/DSC_0230-Verbessert-RR-2-300x200.jpg 300w, https:\/\/jungichanteurs.ch\/wp-content\/uploads\/2024\/06\/DSC_0230-Verbessert-RR-2-768x512.jpg 768w, https:\/\/jungichanteurs.ch\/wp-content\/uploads\/2024\/06\/DSC_0230-Verbessert-RR-2-1536x1024.jpg 1536w, https:\/\/jungichanteurs.ch\/wp-content\/uploads\/2024\/06\/DSC_0230-Verbessert-RR-2-2048x1365.jpg 2048w\" sizes=\"auto, (max-width: 767px) 89vw, (max-width: 1000px) 54vw, (max-width: 1071px) 543px, 580px\" \/><\/figure>\n","protected":false},"excerpt":{"rendered":"<p>In dieser Saison durften wir uns einem besonderen Programm widmen: Unter dem Motto Jukebox Jamboree sangen wir bekannte Schweizer Mundartlieder, rockige Evergreens und schmissige Shantys, die zum Mitschunkeln, Mitsingen und zum Anstossen auf die Freude am gemeinsamen Singen mitreissen.&nbsp; Schon an der GV im Herbst durften wir ein paar neue sowie bereits bekannte Gesichter begr\u00fcssen. &hellip; <\/p>\n<p class=\"link-more\"><a href=\"https:\/\/jungichanteurs.ch\/index.php\/2023-2024-jukebox-jamboree\/\" class=\"more-link\"><span class=\"screen-reader-text\">&#171;2023\/2024 &#8211; Jukebox Jamboree&#187;<\/span> weiterlesen<\/a><\/p>\n","protected":false},"author":2,"featured_media":0,"parent":0,"menu_order":0,"comment_status":"closed","ping_status":"closed","template":"","meta":{"footnotes":""},"class_list":["post-1207","page","type-page","status-publish","hentry"],"_links":{"self":[{"href":"https:\/\/jungichanteurs.ch\/index.php\/wp-json\/wp\/v2\/pages\/1207","targetHints":{"allow":["GET"]}}],"collection":[{"href":"https:\/\/jungichanteurs.ch\/index.php\/wp-json\/wp\/v2\/pages"}],"about":[{"href":"https:\/\/jungichanteurs.ch\/index.php\/wp-json\/wp\/v2\/types\/page"}],"author":[{"embeddable":true,"href":"https:\/\/jungichanteurs.ch\/index.php\/wp-json\/wp\/v2\/users\/2"}],"replies":[{"embeddable":true,"href":"https:\/\/jungichanteurs.ch\/index.php\/wp-json\/wp\/v2\/comments?post=1207"}],"version-history":[{"count":3,"href":"https:\/\/jungichanteurs.ch\/index.php\/wp-json\/wp\/v2\/pages\/1207\/revisions"}],"predecessor-version":[{"id":1239,"href":"https:\/\/jungichanteurs.ch\/index.php\/wp-json\/wp\/v2\/pages\/1207\/revisions\/1239"}],"wp:attachment":[{"href":"https:\/\/jungichanteurs.ch\/index.php\/wp-json\/wp\/v2\/media?parent=1207"}],"curies":[{"name":"wp","href":"https:\/\/api.w.org\/{rel}","templated":true}]}}