{"id":1220,"date":"2024-06-10T15:13:29","date_gmt":"2024-06-10T15:13:29","guid":{"rendered":"https:\/\/jungichanteurs.ch\/?page_id=1220"},"modified":"2024-06-10T15:15:50","modified_gmt":"2024-06-10T15:15:50","slug":"2022-2023-palmsonntagskonzert-johannes-brahms-ein-deutsches-requiem","status":"publish","type":"page","link":"https:\/\/jungichanteurs.ch\/index.php\/fr\/2022-2023-palmsonntagskonzert-johannes-brahms-ein-deutsches-requiem\/","title":{"rendered":"2022\/2023 &#8211; Palmsonntagskonzert: Johannes Brahms Ein Deutsches Requiem\u00a0"},"content":{"rendered":"\n<figure class=\"wp-block-image is-resized\"><img loading=\"lazy\" decoding=\"async\" src=\"https:\/\/www.kogeo.ch\/wp-content\/uploads\/2023\/03\/KGO-PALMSONNTAGSKONZERT-2023-FLYER-WEB-265x376.jpg\" alt=\"Konzertgesellschaft Oberwallis\" width=\"343\" height=\"486\"\/><\/figure>\n\n\n\n<p>Direction : Yannick Zenh\u00e4usern, Paul Locher, Noah Ambord<\/p>\n\n\n\n<p>Un Requiem allemand de Johannes Brahms, qui a une longue histoire : en 2019, nous avons commenc\u00e9 \u00e0 planifier le projet, qui a \u00e9galement \u00e9t\u00e9 brutalement interrompu par la pand\u00e9mie. Ce projet ambitieux a ensuite \u00e9t\u00e9 remis sur les rails en 2022 et a pu \u00eatre programm\u00e9 conform\u00e9ment \u00e0 la planification initiale : La coop\u00e9ration avec la Konzertgesellschaft Oberwallis \u00e9tait toujours intacte. Le dimanche des Rameaux 2023, les \u00ab personnes qui ont souffert \u00bb devraient enfin \u00eatre diverties par les sons de Brahms.<\/p>\n\n\n\n<p>Comme d&#8217;habitude, une grande organisation a pr\u00e9c\u00e9d\u00e9 tout le concert : Irina Ruedi s&#8217;est \u00e0 nouveau occup\u00e9e de nos loges (bien qu&#8217;elle ne fasse plus vraiment partie du comit\u00e9). Cette fois-ci, elle a eu beaucoup plus de travail au d\u00e9but : trois week-ends de r\u00e9p\u00e9tition entiers ont d\u00fb \u00eatre pourvus d&#8217;un entrep\u00f4t. Comme d&#8217;habitude, elle s&#8217;est acquitt\u00e9e de sa t\u00e2che avec brio et nous avons pu passer les trois week-ends aux endroits suivants : Visperterminen, Fieschertal et Beatenberg. Ce dernier lieu de r\u00e9p\u00e9tition, bien qu&#8217;un peu \u00ab \u00e0 l&#8217;\u00e9cart \u00bb, s&#8217;est r\u00e9v\u00e9l\u00e9 tr\u00e8s agr\u00e9able.<\/p>\n\n\n\n<p>Les r\u00e9p\u00e9titions en elles-m\u00eames ont \u00e9t\u00e9 un peu moins fr\u00e9quent\u00e9es que d&#8217;habitude. Cela \u00e9tait peut-\u00eatre d\u00fb \u00e0 la complexit\u00e9 de la litt\u00e9rature, que notre chef d&#8217;orchestre a qualifi\u00e9e de \u00ab \u00e7a va \u00bb. En raison du degr\u00e9 de difficult\u00e9, les r\u00e9p\u00e9titions ont \u00e9t\u00e9 plus intenses que d&#8217;habitude et le ch\u0153ur a d\u00fb faire face \u00e0 de nombreux d\u00e9fis. Les vendredis soirs, nous \u00e9tions r\u00e9guli\u00e8rement fatigu\u00e9s. Sans parler des samedis vraiment longs. Malgr\u00e9 la fatigue, les r\u00e9sultats ont \u00e9t\u00e9 \u00e9normes : apprendre un Requiem de Brahms en six jours avec environ 25 personnes, ce n&#8217;est pas \u00e0 la port\u00e9e de tout le monde.<\/p>\n\n\n\n<p>Il \u00e9tait maintenant temps de rassembler les pi\u00e8ces du puzzle. Car pendant nos r\u00e9p\u00e9titions, la soci\u00e9t\u00e9 de concert s&#8217;entra\u00eenait parall\u00e8lement mais s\u00e9par\u00e9ment. Lors d&#8217;une journ\u00e9e de r\u00e9p\u00e9tition, nous assemblons grossi\u00e8rement le tout. Lors de trois autres vendredis soirs et d&#8217;un samedi de r\u00e9p\u00e9tition principale et g\u00e9n\u00e9rale, l&#8217;orchestre a apport\u00e9 la touche finale n\u00e9cessaire. Le jour du concert \u00e9tait arriv\u00e9.<\/p>\n\n\n\n<p>C&#8217;est avec une grande excitation que nous sommes entr\u00e9s dans une \u00e9glise pleine \u00e0 craquer. Il ne restait plus une seule place et nous avons interpr\u00e9t\u00e9 le \u00ab Requiem allemand \u00bb pour le meilleur de nous-m\u00eames. Un moment d\u00e9licat ici et l\u00e0, un ch\u0153ur tr\u00e8s concentr\u00e9 compos\u00e9 de plus de 75 personnes, deux solistes extraordinaires et musicalement touchants (Ralf Ernst et Jaqueline Forster), un premier violon et un chef d&#8217;orchestre totalement immerg\u00e9s dans la musique ainsi que des applaudissements tr\u00e8s nourris \u00e0 la fin ont \u00e9t\u00e9 des moments marquants du Requiem. Une saison que nous pouvons clore un peu fatigu\u00e9s, mais n\u00e9anmoins fiers.<\/p>\n\n\n\n<p>Notre prochain projet doit clairement \u00eatre et rester plus petit. En effet, la chorale n&#8217;a pas pu atteindre la m\u00eame taille que d&#8217;habitude. Le projet Jukebox Jamboree de l&#8217;ann\u00e9e prochaine devrait changer la donne. Nous remercions la Konzertgesellschaft Oberwallis, tous les sponsors, le comit\u00e9 directeur, les chefs d&#8217;orchestre et tous les chanteurs pour leur formidable collaboration. A bient\u00f4t!<\/p>\n","protected":false},"excerpt":{"rendered":"<p>Direction : Yannick Zenh\u00e4usern, Paul Locher, Noah Ambord Un Requiem allemand de Johannes Brahms, qui a une longue histoire : en 2019, nous avons commenc\u00e9 \u00e0 planifier le projet, qui a \u00e9galement \u00e9t\u00e9 brutalement interrompu par la pand\u00e9mie. Ce projet ambitieux a ensuite \u00e9t\u00e9 remis sur les rails en 2022 et a pu \u00eatre programm\u00e9 &hellip; <\/p>\n<p class=\"link-more\"><a href=\"https:\/\/jungichanteurs.ch\/index.php\/fr\/2022-2023-palmsonntagskonzert-johannes-brahms-ein-deutsches-requiem\/\" class=\"more-link\"><span class=\"screen-reader-text\">&#171;2022\/2023 &#8211; Palmsonntagskonzert: Johannes Brahms Ein Deutsches Requiem\u00a0&#171;<\/span> weiterlesen<\/a><\/p>\n","protected":false},"author":2,"featured_media":0,"parent":0,"menu_order":0,"comment_status":"closed","ping_status":"closed","template":"","meta":{"footnotes":""},"class_list":["post-1220","page","type-page","status-publish","hentry"],"_links":{"self":[{"href":"https:\/\/jungichanteurs.ch\/index.php\/wp-json\/wp\/v2\/pages\/1220","targetHints":{"allow":["GET"]}}],"collection":[{"href":"https:\/\/jungichanteurs.ch\/index.php\/wp-json\/wp\/v2\/pages"}],"about":[{"href":"https:\/\/jungichanteurs.ch\/index.php\/wp-json\/wp\/v2\/types\/page"}],"author":[{"embeddable":true,"href":"https:\/\/jungichanteurs.ch\/index.php\/wp-json\/wp\/v2\/users\/2"}],"replies":[{"embeddable":true,"href":"https:\/\/jungichanteurs.ch\/index.php\/wp-json\/wp\/v2\/comments?post=1220"}],"version-history":[{"count":2,"href":"https:\/\/jungichanteurs.ch\/index.php\/wp-json\/wp\/v2\/pages\/1220\/revisions"}],"predecessor-version":[{"id":1225,"href":"https:\/\/jungichanteurs.ch\/index.php\/wp-json\/wp\/v2\/pages\/1220\/revisions\/1225"}],"wp:attachment":[{"href":"https:\/\/jungichanteurs.ch\/index.php\/wp-json\/wp\/v2\/media?parent=1220"}],"curies":[{"name":"wp","href":"https:\/\/api.w.org\/{rel}","templated":true}]}}