{"id":342,"date":"2018-08-01T06:33:13","date_gmt":"2018-08-01T06:33:13","guid":{"rendered":"https:\/\/jungichanteurs.ch\/?page_id=342"},"modified":"2025-08-11T13:52:58","modified_gmt":"2025-08-11T13:52:58","slug":"projet-actuel","status":"publish","type":"page","link":"https:\/\/jungichanteurs.ch\/index.php\/fr\/projet-actuel\/","title":{"rendered":"Projets actuels"},"content":{"rendered":"\n<p class=\"has-medium-font-size\"><strong>Hit Happens !<\/strong><\/p>\n\n\n\n<p>Les dates et informations importantes :<\/p>\n\n\n\n<p><strong>Suisse:<\/strong><br>1er week-end de r\u00e9p\u00e9tition : du 5 au 7 d\u00e9cembre 2025<br>2e week-end de r\u00e9p\u00e9tition : du 27 au 29 mars 2026<br>Journ\u00e9e de r\u00e9p\u00e9tition : 25 avril 2026<br>Concerts : 2 et 3 mai 2026<\/p>\n\n\n\n<p>Week-ends de r\u00e9p\u00e9tition du vendredi 19h au dimanche 16h<\/p>\n\n\n\n<p><strong>Voyage en Autriche (avec le m\u00eame programme) :<\/strong><br>Journ\u00e9es de r\u00e9p\u00e9tition : 12 + 13 septembre 26<br>Tourn\u00e9e de concerts : 25-26 septembre 26 (vendredi-dimanche toute la journ\u00e9e)<\/p>\n\n\n\n<p>Apprentis : 250.- \/ Travailleurs : 400.- (voyage en Autriche compris)<br>(repas et h\u00e9bergement compris \/ frais de voyage non compris)<\/p>\n","protected":false},"excerpt":{"rendered":"<p>Hit Happens ! Les dates et informations importantes : Suisse:1er week-end de r\u00e9p\u00e9tition : du 5 au 7 d\u00e9cembre 20252e week-end de r\u00e9p\u00e9tition : du 27 au 29 mars 2026Journ\u00e9e de r\u00e9p\u00e9tition : 25 avril 2026Concerts : 2 et 3 mai 2026 Week-ends de r\u00e9p\u00e9tition du vendredi 19h au dimanche 16h Voyage en Autriche (avec &hellip; <\/p>\n<p class=\"link-more\"><a href=\"https:\/\/jungichanteurs.ch\/index.php\/fr\/projet-actuel\/\" class=\"more-link\"><span class=\"screen-reader-text\">&#171;Projets actuels&#187;<\/span> weiterlesen<\/a><\/p>\n","protected":false},"author":1,"featured_media":0,"parent":0,"menu_order":0,"comment_status":"closed","ping_status":"closed","template":"","meta":{"footnotes":""},"class_list":["post-342","page","type-page","status-publish","hentry"],"_links":{"self":[{"href":"https:\/\/jungichanteurs.ch\/index.php\/wp-json\/wp\/v2\/pages\/342","targetHints":{"allow":["GET"]}}],"collection":[{"href":"https:\/\/jungichanteurs.ch\/index.php\/wp-json\/wp\/v2\/pages"}],"about":[{"href":"https:\/\/jungichanteurs.ch\/index.php\/wp-json\/wp\/v2\/types\/page"}],"author":[{"embeddable":true,"href":"https:\/\/jungichanteurs.ch\/index.php\/wp-json\/wp\/v2\/users\/1"}],"replies":[{"embeddable":true,"href":"https:\/\/jungichanteurs.ch\/index.php\/wp-json\/wp\/v2\/comments?post=342"}],"version-history":[{"count":29,"href":"https:\/\/jungichanteurs.ch\/index.php\/wp-json\/wp\/v2\/pages\/342\/revisions"}],"predecessor-version":[{"id":1409,"href":"https:\/\/jungichanteurs.ch\/index.php\/wp-json\/wp\/v2\/pages\/342\/revisions\/1409"}],"wp:attachment":[{"href":"https:\/\/jungichanteurs.ch\/index.php\/wp-json\/wp\/v2\/media?parent=342"}],"curies":[{"name":"wp","href":"https:\/\/api.w.org\/{rel}","templated":true}]}}