{"id":357,"date":"2018-08-01T14:27:39","date_gmt":"2018-08-01T14:27:39","guid":{"rendered":"https:\/\/jungichanteurs.ch\/?page_id=357"},"modified":"2020-08-04T14:31:25","modified_gmt":"2020-08-04T14:31:25","slug":"2015-2016-stemning","status":"publish","type":"page","link":"https:\/\/jungichanteurs.ch\/index.php\/fr\/2017-2018-lhomme-arme\/2015-2016-stemning\/","title":{"rendered":"2015 \/ 2016 &#8211; Stemning"},"content":{"rendered":"<p><span style=\"font-weight: 400;\">En ao\u00fbt 2015, le Ch\u0153ur Valaisan des Jeunes (WJC \/ CVJ) n\u2019avait pas assez d\u2019inscriptions pour mener \u00e0 terme un projet. Mais Madeleine Loretan et Yannick Zenh\u00e4usern ne souhaitaient pas abandonner cette chorale. Ils ont donc malgr\u00e9 tout d\u00e9cid\u00e9 de lancer le projet \u201cStemning &#8211; Stimming\u201d (ambiance) pour pr\u00e9senter au public les richesses de la musique scandinave et irlandaise. Environ 35 personnes se sont inscrites et le projet a pu voir le jour. De plus, une collaboration avec le Ch\u0153ur des Jeunes Haut-Valaisans fut mise en place.<\/span><\/p>\n<p><span style=\"font-weight: 400;\">Madeleine et Yannick ont rapidement pris en charge l&#8217;organisation des week-ends de r\u00e9p\u00e9tition, des salles et des \u00e9glises pour les concerts, du traiteur, du sponsoring etc. Gr\u00e2ce aux m\u00e9c\u00e8nes qui ont cru en ce projet, le groupe valaisan iFolk fut alors engag\u00e9 pour accompagner les chanteurs.<\/span><\/p>\n<p><span style=\"font-weight: 400;\">Lors du premier week-end de r\u00e9p\u00e9tition dans le camp de vacances Bethina \u00e0 B\u00fcrchen, le programme \u00e9tait ambitieux. Les d\u00e9buts furent difficiles \u00e0 cause du carnaval qui se d\u00e9roulait en m\u00eame temps. Mais Madeleine et Yannick sont rest\u00e9s motiv\u00e9s et purent rapidement savourer le fruit de leurs efforts.<\/span><\/p>\n<p><span style=\"font-weight: 400;\">Ils savaient d\u00e9sormais que la machine \u00e9tait lanc\u00e9e et les r\u00e9actions positives des membres du ch\u0153ur les motivaient d\u2019avantage. Entre les deux week-ends de r\u00e9p\u00e9tition, le ch\u0153ur a travaill\u00e9 le programme lors de r\u00e9p\u00e9titions organis\u00e9es les samedis matins \u00e0 Brigue. Le deuxi\u00e8me week-end a eu lieu \u00e0 T\u00f6rbel et s\u2019est conclu le dimanche soir par une r\u00e9p\u00e9tition avec le groupe iFolk. Madeleine et Yannick ont charg\u00e9 des membres du ch\u0153ur de s\u2019occuper de l\u2019intendance des chanteurs. Les concerts pouvaient arriver.<\/span><\/p>\n<p><span style=\"font-weight: 400;\">Fin avril et d\u00e9but mai, nous avons pu pr\u00e9senter notre travail \u00e0 l\u2019occasion de deux concerts \u00e0 Leuk et \u00e0 Naters. Avec plus que 150 spectateurs \u00e0 chaque concert, la nouvelle chorale \u00e9tait consciente de son succ\u00e8s grandissant.<\/span><\/p>\n<p><span style=\"font-weight: 400;\">Notre but de r\u00e9unir des jeunes venant du tout le Valais et de chanter ensemble avec plaisir a \u00e9t\u00e9 atteint \u00e0 l\u2019issue de ces concerts. Gr\u00e2ce \u00e0 cela, un nouveau projet aller voir le jour: \u201cAfrica Meets Gospel\u201d. Le ch\u0153ur de jeunes portera d\u00e9sormais le nom jungiChanteurs.<\/span><\/p>\n","protected":false},"excerpt":{"rendered":"<p>En ao\u00fbt 2015, le Ch\u0153ur Valaisan des Jeunes (WJC \/ CVJ) n\u2019avait pas assez d\u2019inscriptions pour mener \u00e0 terme un projet. Mais Madeleine Loretan et Yannick Zenh\u00e4usern ne souhaitaient pas abandonner cette chorale. Ils ont donc malgr\u00e9 tout d\u00e9cid\u00e9 de lancer le projet \u201cStemning &#8211; Stimming\u201d (ambiance) pour pr\u00e9senter au public les richesses de la &hellip; <\/p>\n<p class=\"link-more\"><a href=\"https:\/\/jungichanteurs.ch\/index.php\/fr\/2017-2018-lhomme-arme\/2015-2016-stemning\/\" class=\"more-link\"><span class=\"screen-reader-text\">&#171;2015 \/ 2016 &#8211; Stemning&#187;<\/span> weiterlesen<\/a><\/p>\n","protected":false},"author":1,"featured_media":0,"parent":353,"menu_order":2,"comment_status":"closed","ping_status":"closed","template":"","meta":{"footnotes":""},"class_list":["post-357","page","type-page","status-publish","hentry"],"_links":{"self":[{"href":"https:\/\/jungichanteurs.ch\/index.php\/wp-json\/wp\/v2\/pages\/357","targetHints":{"allow":["GET"]}}],"collection":[{"href":"https:\/\/jungichanteurs.ch\/index.php\/wp-json\/wp\/v2\/pages"}],"about":[{"href":"https:\/\/jungichanteurs.ch\/index.php\/wp-json\/wp\/v2\/types\/page"}],"author":[{"embeddable":true,"href":"https:\/\/jungichanteurs.ch\/index.php\/wp-json\/wp\/v2\/users\/1"}],"replies":[{"embeddable":true,"href":"https:\/\/jungichanteurs.ch\/index.php\/wp-json\/wp\/v2\/comments?post=357"}],"version-history":[{"count":3,"href":"https:\/\/jungichanteurs.ch\/index.php\/wp-json\/wp\/v2\/pages\/357\/revisions"}],"predecessor-version":[{"id":899,"href":"https:\/\/jungichanteurs.ch\/index.php\/wp-json\/wp\/v2\/pages\/357\/revisions\/899"}],"up":[{"embeddable":true,"href":"https:\/\/jungichanteurs.ch\/index.php\/wp-json\/wp\/v2\/pages\/353"}],"wp:attachment":[{"href":"https:\/\/jungichanteurs.ch\/index.php\/wp-json\/wp\/v2\/media?parent=357"}],"curies":[{"name":"wp","href":"https:\/\/api.w.org\/{rel}","templated":true}]}}